{"id":227,"date":"2018-12-28T13:43:08","date_gmt":"2018-12-28T12:43:08","guid":{"rendered":"https:\/\/www.brickquest.de\/brickquest-fantasy\/?page_id=227"},"modified":"2025-02-18T19:40:28","modified_gmt":"2025-02-18T18:40:28","slug":"spielregeln","status":"publish","type":"page","link":"https:\/\/www.brickquest.de\/brickquest-fantasy\/brickquest\/spielregeln\/","title":{"rendered":"Spielregeln"},"content":{"rendered":"<div class=\"fusion-fullwidth fullwidth-box fusion-builder-row-1 fusion-flex-container has-pattern-background has-mask-background nonhundred-percent-fullwidth non-hundred-percent-height-scrolling\" style=\"--awb-border-radius-top-left:0px;--awb-border-radius-top-right:0px;--awb-border-radius-bottom-right:0px;--awb-border-radius-bottom-left:0px;--awb-flex-wrap:wrap;--awb-box-shadow: 0px 0px ;\" ><div class=\"fusion-builder-row fusion-row fusion-flex-align-items-flex-start fusion-flex-content-wrap\" style=\"max-width:1196px;margin-left: calc(-4% \/ 2 );margin-right: calc(-4% \/ 2 );\"><div class=\"fusion-layout-column fusion_builder_column fusion-builder-column-0 fusion_builder_column_1_1 1_1 fusion-flex-column\" style=\"--awb-bg-size:cover;--awb-width-large:100%;--awb-margin-top-large:0px;--awb-spacing-right-large:1.92%;--awb-margin-bottom-large:20px;--awb-spacing-left-large:1.92%;--awb-width-medium:100%;--awb-order-medium:0;--awb-spacing-right-medium:1.92%;--awb-spacing-left-medium:1.92%;--awb-width-small:100%;--awb-order-small:0;--awb-spacing-right-small:1.92%;--awb-spacing-left-small:1.92%;\"><div class=\"fusion-column-wrapper fusion-column-has-shadow fusion-flex-justify-content-flex-start fusion-content-layout-column\"><div class=\"fusion-image-element \" style=\"--awb-caption-title-font-family:var(--h2_typography-font-family);--awb-caption-title-font-weight:var(--h2_typography-font-weight);--awb-caption-title-font-style:var(--h2_typography-font-style);--awb-caption-title-size:var(--h2_typography-font-size);--awb-caption-title-transform:var(--h2_typography-text-transform);--awb-caption-title-line-height:var(--h2_typography-line-height);--awb-caption-title-letter-spacing:var(--h2_typography-letter-spacing);\"><span class=\" fusion-imageframe imageframe-none imageframe-1 hover-type-none\"><img decoding=\"async\" width=\"1980\" height=\"479\" alt=\"BrickQuest Spielregeln\" title=\"BrickQuest Spielregeln\" src=\"https:\/\/www.brickquest.de\/brickquest-fantasy\/wp-content\/uploads\/brickquest-spielregeln.webp\" class=\"img-responsive wp-image-565\" srcset=\"https:\/\/www.brickquest.de\/brickquest-fantasy\/wp-content\/uploads\/brickquest-spielregeln-200x48.webp 200w, https:\/\/www.brickquest.de\/brickquest-fantasy\/wp-content\/uploads\/brickquest-spielregeln-400x97.webp 400w, https:\/\/www.brickquest.de\/brickquest-fantasy\/wp-content\/uploads\/brickquest-spielregeln-600x145.webp 600w, https:\/\/www.brickquest.de\/brickquest-fantasy\/wp-content\/uploads\/brickquest-spielregeln-800x194.webp 800w, https:\/\/www.brickquest.de\/brickquest-fantasy\/wp-content\/uploads\/brickquest-spielregeln-1200x290.webp 1200w, https:\/\/www.brickquest.de\/brickquest-fantasy\/wp-content\/uploads\/brickquest-spielregeln.webp 1980w\" sizes=\"(max-width: 1024px) 100vw, (max-width: 640px) 100vw, 1200px\" \/><\/span><\/div><\/div><\/div><\/div><\/div><div class=\"fusion-fullwidth fullwidth-box fusion-builder-row-2 fusion-flex-container has-pattern-background has-mask-background nonhundred-percent-fullwidth non-hundred-percent-height-scrolling\" style=\"--awb-border-radius-top-left:0px;--awb-border-radius-top-right:0px;--awb-border-radius-bottom-right:0px;--awb-border-radius-bottom-left:0px;--awb-flex-wrap:wrap;\" ><div class=\"fusion-builder-row fusion-row fusion-flex-align-items-flex-start fusion-flex-content-wrap\" style=\"max-width:1196px;margin-left: calc(-4% \/ 2 );margin-right: calc(-4% \/ 2 );\"><div class=\"fusion-layout-column fusion_builder_column fusion-builder-column-1 fusion_builder_column_1_1 1_1 fusion-flex-column\" style=\"--awb-bg-size:cover;--awb-width-large:100%;--awb-margin-top-large:0px;--awb-spacing-right-large:1.92%;--awb-margin-bottom-large:20px;--awb-spacing-left-large:1.92%;--awb-width-medium:100%;--awb-order-medium:0;--awb-spacing-right-medium:1.92%;--awb-spacing-left-medium:1.92%;--awb-width-small:100%;--awb-order-small:0;--awb-spacing-right-small:1.92%;--awb-spacing-left-small:1.92%;\"><div class=\"fusion-column-wrapper fusion-column-has-shadow fusion-flex-justify-content-flex-start fusion-content-layout-column\"><div class=\"fusion-title title fusion-title-1 fusion-sep-none fusion-title-text fusion-title-size-two\" style=\"--awb-margin-top-small:10px;--awb-margin-right-small:0px;--awb-margin-bottom-small:10px;--awb-margin-left-small:0px;\"><h2 class=\"fusion-title-heading title-heading-left\" style=\"margin:0;\">Zusammenfassung der BrickQuest Spielregeln<\/h2><\/div><\/div><\/div><div class=\"fusion-layout-column fusion_builder_column fusion-builder-column-2 fusion_builder_column_3_4 3_4 fusion-flex-column\" style=\"--awb-padding-top:10px;--awb-padding-right:10px;--awb-padding-bottom:10px;--awb-padding-left:10px;--awb-bg-color:#fffffe;--awb-bg-color-hover:#fffffe;--awb-bg-size:cover;--awb-box-shadow: 2px 2px #bababa;;--awb-width-large:75%;--awb-margin-top-large:0px;--awb-spacing-right-large:2.56%;--awb-margin-bottom-large:20px;--awb-spacing-left-large:2.56%;--awb-width-medium:100%;--awb-order-medium:0;--awb-spacing-right-medium:1.92%;--awb-spacing-left-medium:1.92%;--awb-width-small:100%;--awb-order-small:0;--awb-spacing-right-small:1.92%;--awb-spacing-left-small:1.92%;\" data-scroll-devices=\"small-visibility,medium-visibility,large-visibility\"><div class=\"fusion-column-wrapper fusion-column-has-shadow fusion-flex-justify-content-flex-start fusion-content-layout-column\"><div class=\"fusion-text fusion-text-1\"><h3 data-pm-slice=\"1 3 &#091;&#093;\"><\/h3>\n<h3 data-pm-slice=\"1 3 &#091;&#093;\">1. Allgemeines<\/h3>\n<ul data-spread=\"false\">\n<li><a href=\"https:\/\/www.brickquest.de\/brickquest-fantasy\/\">BrickQuest<\/a> ist ein questbasiertes Abenteuerspiel, das mit LEGO oder anderen Klemmbausteinen gespielt wird.<\/li>\n<li>Es k\u00f6nnen 2 bis 6 Spieler teilnehmen, zus\u00e4tzlich gibt es einen Spielleiter (GameMaster \/ BrickMaster).<\/li>\n<li>Der BrickMaster leitet das Spiel, f\u00fchrt die Spieler durch Quests und \u00fcber die gesamte Kampagne.<\/li>\n<li>Neben dem Aufbau des Dungeons oder anderer passender Spielumgebungen bringt der BrickMaster die Geschichte voran und \u00fcbernimmt Nichtspielercharaktere (NSC\/NPC) sowie Gegner (Kreaturen, Monster etc.).<\/li>\n<\/ul>\n<h3>2. Spielablauf<\/h3>\n<ul data-spread=\"false\">\n<li>Jede Runde k\u00f6nnen zwei Aktionen ausgef\u00fchrt werden: Bewegung, Angriff, Interaktion, F\u00e4higkeit nutzen oder Zauber wirken.<\/li>\n<li>Reihenfolge der Spieler wird zu Beginn durch W\u00fcrfeln bestimmt.<\/li>\n<li>Charaktere haben Bewegungspunkte und m\u00fcssen ihre Aktionen taktisch einsetzen.<\/li>\n<\/ul>\n<h3>3. Charaktere &amp; Klassen<\/h3>\n<ul data-spread=\"false\">\n<li>Es gibt verschiedene Rassen (Menschen, Elfen, Halblinge, Zwerge u.a.) und ein Klassensystem (Krieger, Magier, Schurken, Priester etc.).<\/li>\n<li>Jede Klasse hat eigene Werte f\u00fcr Angriff, Verteidigung, Magiepunkte und Lebenspunkte sowie Zugriff auf besondere F\u00e4higkeiten.<\/li>\n<li>Eingige F\u00e4higkeiten wie z.B. &#8222;<em>Hinterhalt<\/em>&#8220; oder &#8222;<em>Tapferkeit<\/em>&#8220; bieten strategische Vorteile.<\/li>\n<\/ul>\n<h3>4. Zauberspr\u00fcche<\/h3>\n<ul data-spread=\"false\">\n<li>Magier, Priester und Kampfmagier etc. verf\u00fcgen \u00fcber spezifische Zauber.<\/li>\n<li>Beispiele: Heilzauber, Feuerball, Unsichtbarkeit, Teleportation.<\/li>\n<li>Zauber kosten Magiepunkte und haben unterschiedliche Wirkungsbereiche.<\/li>\n<\/ul>\n<h3>5. Dungeon &amp; Interaktion<\/h3>\n<ul data-spread=\"false\">\n<li>R\u00e4ume, G\u00e4nge, T\u00fcren, Fallen und Geheimnisse pr\u00e4gen die Spielwelt, welche aus LEGO oder anderen Klemmbausteinen gebaut ist.<\/li>\n<li>Spieler k\u00f6nnen Objekte wie Truhen, Hebel und Schalter aktivieren und somit mit der Umgebung interagieren.<\/li>\n<li>Fallen oder andere Mechaniken haben oft eine Zufallskomponente (z. B. W\u00fcrfelwurf zur Ausl\u00f6sung).<\/li>\n<\/ul>\n<h3>6. Kreaturen &amp; Gegner<\/h3>\n<ul data-spread=\"false\">\n<li>Es gibt verschiedene <a href=\"https:\/\/www.brickquest.de\/brickquest-fantasy\/bibliothek\/kreaturenarten-in-brickquest\/\">Kreaturenarten<\/a> sowie Gegnerarten: Ungeziefer, Untote, gro\u00dfe Kreaturen sowie End- und Zwischengegner.<\/li>\n<li>Einige Gegner haben Spezialf\u00e4higkeiten wie Regeneration, Gift oder Vampirismus.<\/li>\n<li>Gegner greifen nach denselben Kampfsystemen wie Spieler an.<\/li>\n<\/ul>\n<h3>7. Kampfmechanik<\/h3>\n<ul data-spread=\"false\">\n<li>Angriffe (Probe) werden mit 2x W6 ausgef\u00fchrt, der Schaden allerdings mit HeroQuest-W\u00fcrfeln.<\/li>\n<li>Angreifer und Verteidiger k\u00f6nnen mit den HeroQuest W\u00fcrfeln Schaden erzwingen oder abwehren.<\/li>\n<\/ul>\n<h3>8. Sch\u00e4tze &amp; Gegenst\u00e4nde<\/h3>\n<ul data-spread=\"false\">\n<li>Spieler k\u00f6nnen Sch\u00e4tze, wie z.B. Gold, Edelsteine und magische Artefakte finden &amp; sammeln, als auch Beute wie Waffen und R\u00fcstungen bekommen.<\/li>\n<li>Tr\u00e4nke und Schriftrollen bieten tempor\u00e4re Boni oder Heilung.<\/li>\n<li>Taschen und Truhen erm\u00f6glichen die Aufbewahrung zus\u00e4tzlicher Gegenst\u00e4nde.<\/li>\n<\/ul>\n<\/div><\/div><\/div><div class=\"fusion-layout-column fusion_builder_column fusion-builder-column-3 fusion_builder_column_1_4 1_4 fusion-flex-column\" style=\"--awb-padding-top:10px;--awb-padding-right:10px;--awb-padding-bottom:10px;--awb-bg-color:#fffffe;--awb-bg-color-hover:#fffffe;--awb-bg-size:cover;--awb-box-shadow: 2px 2px #bababa;;--awb-width-large:25%;--awb-margin-top-large:0px;--awb-spacing-right-large:7.68%;--awb-margin-bottom-large:20px;--awb-spacing-left-large:7.68%;--awb-width-medium:100%;--awb-order-medium:0;--awb-spacing-right-medium:1.92%;--awb-spacing-left-medium:1.92%;--awb-width-small:100%;--awb-order-small:0;--awb-spacing-right-small:1.92%;--awb-spacing-left-small:1.92%;\" data-scroll-devices=\"small-visibility,medium-visibility,large-visibility\"><div class=\"fusion-column-wrapper fusion-column-has-shadow fusion-flex-justify-content-flex-start fusion-content-layout-column\"><div class=\"fusion-title title fusion-title-2 fusion-sep-none fusion-title-center fusion-title-text fusion-title-size-two\" style=\"--awb-margin-top-small:10px;--awb-margin-right-small:0px;--awb-margin-bottom-small:10px;--awb-margin-left-small:0px;\"><h2 class=\"fusion-title-heading title-heading-center\" style=\"margin:0;\">Regeln<\/h2><\/div><div class=\"fusion-text fusion-text-2\"><ul class=\"su-subpages\"><li class=\"page_item page-item-574\"><a href=\"https:\/\/www.brickquest.de\/brickquest-fantasy\/brickquest\/spielregeln\/spielbeginn\/\">Spielbeginn<\/a><\/li>\n<li class=\"page_item page-item-576\"><a href=\"https:\/\/www.brickquest.de\/brickquest-fantasy\/brickquest\/spielregeln\/spielrunde-spielablauf\/\">Spielrunde \/ Spielablauf<\/a><\/li>\n<li class=\"page_item page-item-578\"><a href=\"https:\/\/www.brickquest.de\/brickquest-fantasy\/brickquest\/spielregeln\/charakterklassen\/\">Charakterklassen<\/a><\/li>\n<li class=\"page_item page-item-249\"><a href=\"https:\/\/www.brickquest.de\/brickquest-fantasy\/brickquest\/spielregeln\/charaktereigenschaften\/\">Charaktereigenschaften<\/a><\/li>\n<li class=\"page_item page-item-401\"><a href=\"https:\/\/www.brickquest.de\/brickquest-fantasy\/brickquest\/spielregeln\/fertigkeiten\/\">Fertigkeiten<\/a><\/li>\n<li class=\"page_item page-item-580\"><a href=\"https:\/\/www.brickquest.de\/brickquest-fantasy\/brickquest\/spielregeln\/besondere-faehigkeiten\/\">Besondere F\u00e4higkeiten<\/a><\/li>\n<li class=\"page_item page-item-582\"><a href=\"https:\/\/www.brickquest.de\/brickquest-fantasy\/brickquest\/spielregeln\/magie-zaubersprueche\/\">Magie &#038; Zauberspr\u00fcche<\/a><\/li>\n<li class=\"page_item page-item-584\"><a href=\"https:\/\/www.brickquest.de\/brickquest-fantasy\/brickquest\/spielregeln\/charakterbogen\/\">Charakterbogen<\/a><\/li>\n<li class=\"page_item page-item-586\"><a href=\"https:\/\/www.brickquest.de\/brickquest-fantasy\/brickquest\/spielregeln\/schaetze-und-gegenstaende\/\">Sch\u00e4tze und Gegenst\u00e4nde<\/a><\/li>\n<li class=\"page_item page-item-588\"><a href=\"https:\/\/www.brickquest.de\/brickquest-fantasy\/brickquest\/spielregeln\/dungeon-und-spielaufbau\/\">Dungeon und Spielaufbau<\/a><\/li>\n<li class=\"page_item page-item-591\"><a href=\"https:\/\/www.brickquest.de\/brickquest-fantasy\/brickquest\/spielregeln\/monster-kreaturenhandbuch\/\">Monster- und Kreaturenhandbuch<\/a><\/li>\n<\/ul>\n<\/div><div class=\"fusion-image-element \" style=\"text-align:center;--awb-caption-title-font-family:var(--h2_typography-font-family);--awb-caption-title-font-weight:var(--h2_typography-font-weight);--awb-caption-title-font-style:var(--h2_typography-font-style);--awb-caption-title-size:var(--h2_typography-font-size);--awb-caption-title-transform:var(--h2_typography-text-transform);--awb-caption-title-line-height:var(--h2_typography-line-height);--awb-caption-title-letter-spacing:var(--h2_typography-letter-spacing);\"><span class=\" fusion-imageframe imageframe-none imageframe-2 hover-type-none\"><img decoding=\"async\" width=\"800\" height=\"800\" alt=\"BrickQuest Spielregeln \u00dcbersicht in deutsch\" title=\"BrickQuest Spielregeln \u00dcbersicht in deutsch\" src=\"https:\/\/www.brickquest.de\/brickquest-fantasy\/wp-content\/uploads\/brickquest-spielregeln-uebersicht-deutsch.webp\" class=\"img-responsive wp-image-569\" srcset=\"https:\/\/www.brickquest.de\/brickquest-fantasy\/wp-content\/uploads\/brickquest-spielregeln-uebersicht-deutsch-200x200.webp 200w, https:\/\/www.brickquest.de\/brickquest-fantasy\/wp-content\/uploads\/brickquest-spielregeln-uebersicht-deutsch-400x400.webp 400w, https:\/\/www.brickquest.de\/brickquest-fantasy\/wp-content\/uploads\/brickquest-spielregeln-uebersicht-deutsch-600x600.webp 600w, https:\/\/www.brickquest.de\/brickquest-fantasy\/wp-content\/uploads\/brickquest-spielregeln-uebersicht-deutsch.webp 800w\" sizes=\"(max-width: 1024px) 100vw, (max-width: 640px) 100vw, 400px\" \/><\/span><\/div><div class=\"fusion-search-element fusion-search-element-1 fusion-search-form-clean\">\t\t<form role=\"search\" class=\"searchform fusion-search-form  fusion-live-search fusion-search-form-clean\" method=\"get\" action=\"https:\/\/www.brickquest.de\/brickquest-fantasy\/\">\n\t\t\t<div class=\"fusion-search-form-content\">\n\n\t\t\t\t\n\t\t\t\t<div class=\"fusion-search-field search-field\">\n\t\t\t\t\t<label><span class=\"screen-reader-text\">Suche nach:<\/span>\n\t\t\t\t\t\t\t\t\t\t\t\t\t<input type=\"search\" class=\"s fusion-live-search-input\" name=\"s\" id=\"fusion-live-search-input-0\" autocomplete=\"off\" placeholder=\"Search...\" required aria-required=\"true\" aria-label=\"Search...\"\/>\n\t\t\t\t\t\t\t\t\t\t\t<\/label>\n\t\t\t\t<\/div>\n\t\t\t\t<div class=\"fusion-search-button search-button\">\n\t\t\t\t\t<input type=\"submit\" class=\"fusion-search-submit searchsubmit\" aria-label=\"Suche\" value=\"&#xf002;\" \/>\n\t\t\t\t\t\t\t\t\t\t<div class=\"fusion-slider-loading\"><\/div>\n\t\t\t\t\t\t\t\t\t<\/div>\n\n\t\t\t\t<input type=\"hidden\" name=\"post_type[]\" value=\"any\" \/><input type=\"hidden\" name=\"search_limit_to_post_titles\" value=\"0\" \/><input type=\"hidden\" name=\"add_woo_product_skus\" value=\"0\" \/><input type=\"hidden\" name=\"live_min_character\" value=\"4\" \/><input type=\"hidden\" name=\"live_posts_per_page\" value=\"100\" \/><input type=\"hidden\" name=\"live_search_display_featured_image\" value=\"1\" \/><input type=\"hidden\" name=\"live_search_display_post_type\" value=\"1\" \/><input type=\"hidden\" name=\"fs\" value=\"1\" \/>\n\t\t\t<\/div>\n\n\n\t\t\t\t\t\t\t<div class=\"fusion-search-results-wrapper\"><div class=\"fusion-search-results\"><\/div><\/div>\n\t\t\t\n\t\t<\/form>\n\t\t<\/div><\/div><\/div><\/div><\/div>\n","protected":false},"excerpt":{"rendered":"","protected":false},"author":1,"featured_media":0,"parent":230,"menu_order":0,"comment_status":"closed","ping_status":"closed","template":"","meta":{"footnotes":""},"class_list":["post-227","page","type-page","status-publish","hentry"],"yoast_head":"<!-- This site is optimized with the Yoast SEO plugin v27.5 - https:\/\/yoast.com\/product\/yoast-seo-wordpress\/ -->\n<title>Spielregeln - BrickQuest Fantasy Boardgame<\/title>\n<meta name=\"robots\" content=\"index, follow, max-snippet:-1, max-image-preview:large, max-video-preview:-1\" \/>\n<link rel=\"canonical\" href=\"https:\/\/www.brickquest.de\/brickquest-fantasy\/brickquest\/spielregeln\/\" \/>\n<meta property=\"og:locale\" content=\"de_DE\" \/>\n<meta property=\"og:type\" content=\"article\" \/>\n<meta property=\"og:title\" content=\"Spielregeln - BrickQuest Fantasy Boardgame\" \/>\n<meta property=\"og:url\" content=\"https:\/\/www.brickquest.de\/brickquest-fantasy\/brickquest\/spielregeln\/\" \/>\n<meta property=\"og:site_name\" content=\"BrickQuest Fantasy Boardgame\" \/>\n<meta property=\"article:publisher\" content=\"https:\/\/www.facebook.com\/brickquest.boardgame\/\" \/>\n<meta property=\"article:modified_time\" content=\"2025-02-18T18:40:28+00:00\" \/>\n<meta name=\"twitter:card\" content=\"summary_large_image\" \/>\n<meta name=\"twitter:label1\" content=\"Gesch\u00e4tzte Lesezeit\" \/>\n\t<meta name=\"twitter:data1\" content=\"3\u00a0Minuten\" \/>\n<script type=\"application\/ld+json\" class=\"yoast-schema-graph\">{\"@context\":\"https:\\\/\\\/schema.org\",\"@graph\":[{\"@type\":\"WebPage\",\"@id\":\"https:\\\/\\\/www.brickquest.de\\\/brickquest-fantasy\\\/brickquest\\\/spielregeln\\\/\",\"url\":\"https:\\\/\\\/www.brickquest.de\\\/brickquest-fantasy\\\/brickquest\\\/spielregeln\\\/\",\"name\":\"Spielregeln - BrickQuest Fantasy Boardgame\",\"isPartOf\":{\"@id\":\"https:\\\/\\\/www.brickquest.de\\\/brickquest-fantasy\\\/#website\"},\"datePublished\":\"2018-12-28T12:43:08+00:00\",\"dateModified\":\"2025-02-18T18:40:28+00:00\",\"breadcrumb\":{\"@id\":\"https:\\\/\\\/www.brickquest.de\\\/brickquest-fantasy\\\/brickquest\\\/spielregeln\\\/#breadcrumb\"},\"inLanguage\":\"de\",\"potentialAction\":[{\"@type\":\"ReadAction\",\"target\":[\"https:\\\/\\\/www.brickquest.de\\\/brickquest-fantasy\\\/brickquest\\\/spielregeln\\\/\"]}]},{\"@type\":\"BreadcrumbList\",\"@id\":\"https:\\\/\\\/www.brickquest.de\\\/brickquest-fantasy\\\/brickquest\\\/spielregeln\\\/#breadcrumb\",\"itemListElement\":[{\"@type\":\"ListItem\",\"position\":1,\"name\":\"Startseite\",\"item\":\"https:\\\/\\\/www.brickquest.de\\\/brickquest-fantasy\\\/\"},{\"@type\":\"ListItem\",\"position\":2,\"name\":\"BrickQuest\",\"item\":\"https:\\\/\\\/www.brickquest.de\\\/brickquest-fantasy\\\/brickquest\\\/\"},{\"@type\":\"ListItem\",\"position\":3,\"name\":\"Spielregeln\"}]},{\"@type\":\"WebSite\",\"@id\":\"https:\\\/\\\/www.brickquest.de\\\/brickquest-fantasy\\\/#website\",\"url\":\"https:\\\/\\\/www.brickquest.de\\\/brickquest-fantasy\\\/\",\"name\":\"BrickQuest Fantasy Boardgame\",\"description\":\"Ein Brettspiel welches auf LEGO\u00ae-Steine &amp; Klemmbausteine basiert.\",\"publisher\":{\"@id\":\"https:\\\/\\\/www.brickquest.de\\\/brickquest-fantasy\\\/#organization\"},\"potentialAction\":[{\"@type\":\"SearchAction\",\"target\":{\"@type\":\"EntryPoint\",\"urlTemplate\":\"https:\\\/\\\/www.brickquest.de\\\/brickquest-fantasy\\\/?s={search_term_string}\"},\"query-input\":{\"@type\":\"PropertyValueSpecification\",\"valueRequired\":true,\"valueName\":\"search_term_string\"}}],\"inLanguage\":\"de\"},{\"@type\":\"Organization\",\"@id\":\"https:\\\/\\\/www.brickquest.de\\\/brickquest-fantasy\\\/#organization\",\"name\":\"BrickQuest Fantasy Brettspiel aus LEGO und\\\/oder alternativen Klemmbausteinen\",\"url\":\"https:\\\/\\\/www.brickquest.de\\\/brickquest-fantasy\\\/\",\"logo\":{\"@type\":\"ImageObject\",\"inLanguage\":\"de\",\"@id\":\"https:\\\/\\\/www.brickquest.de\\\/brickquest-fantasy\\\/#\\\/schema\\\/logo\\\/image\\\/\",\"url\":\"https:\\\/\\\/www.brickquest.de\\\/brickquest-fantasy\\\/wp-content\\\/uploads\\\/BrickQuest-Logo-klein.png\",\"contentUrl\":\"https:\\\/\\\/www.brickquest.de\\\/brickquest-fantasy\\\/wp-content\\\/uploads\\\/BrickQuest-Logo-klein.png\",\"width\":493,\"height\":75,\"caption\":\"BrickQuest Fantasy Brettspiel aus LEGO und\\\/oder alternativen Klemmbausteinen\"},\"image\":{\"@id\":\"https:\\\/\\\/www.brickquest.de\\\/brickquest-fantasy\\\/#\\\/schema\\\/logo\\\/image\\\/\"},\"sameAs\":[\"https:\\\/\\\/www.facebook.com\\\/brickquest.boardgame\\\/\",\"https:\\\/\\\/www.instagram.com\\\/brickania\\\/\"]}]}<\/script>\n<!-- \/ Yoast SEO plugin. -->","yoast_head_json":{"title":"Spielregeln - BrickQuest Fantasy Boardgame","robots":{"index":"index","follow":"follow","max-snippet":"max-snippet:-1","max-image-preview":"max-image-preview:large","max-video-preview":"max-video-preview:-1"},"canonical":"https:\/\/www.brickquest.de\/brickquest-fantasy\/brickquest\/spielregeln\/","og_locale":"de_DE","og_type":"article","og_title":"Spielregeln - BrickQuest Fantasy Boardgame","og_url":"https:\/\/www.brickquest.de\/brickquest-fantasy\/brickquest\/spielregeln\/","og_site_name":"BrickQuest Fantasy Boardgame","article_publisher":"https:\/\/www.facebook.com\/brickquest.boardgame\/","article_modified_time":"2025-02-18T18:40:28+00:00","twitter_card":"summary_large_image","twitter_misc":{"Gesch\u00e4tzte Lesezeit":"3\u00a0Minuten"},"schema":{"@context":"https:\/\/schema.org","@graph":[{"@type":"WebPage","@id":"https:\/\/www.brickquest.de\/brickquest-fantasy\/brickquest\/spielregeln\/","url":"https:\/\/www.brickquest.de\/brickquest-fantasy\/brickquest\/spielregeln\/","name":"Spielregeln - BrickQuest Fantasy Boardgame","isPartOf":{"@id":"https:\/\/www.brickquest.de\/brickquest-fantasy\/#website"},"datePublished":"2018-12-28T12:43:08+00:00","dateModified":"2025-02-18T18:40:28+00:00","breadcrumb":{"@id":"https:\/\/www.brickquest.de\/brickquest-fantasy\/brickquest\/spielregeln\/#breadcrumb"},"inLanguage":"de","potentialAction":[{"@type":"ReadAction","target":["https:\/\/www.brickquest.de\/brickquest-fantasy\/brickquest\/spielregeln\/"]}]},{"@type":"BreadcrumbList","@id":"https:\/\/www.brickquest.de\/brickquest-fantasy\/brickquest\/spielregeln\/#breadcrumb","itemListElement":[{"@type":"ListItem","position":1,"name":"Startseite","item":"https:\/\/www.brickquest.de\/brickquest-fantasy\/"},{"@type":"ListItem","position":2,"name":"BrickQuest","item":"https:\/\/www.brickquest.de\/brickquest-fantasy\/brickquest\/"},{"@type":"ListItem","position":3,"name":"Spielregeln"}]},{"@type":"WebSite","@id":"https:\/\/www.brickquest.de\/brickquest-fantasy\/#website","url":"https:\/\/www.brickquest.de\/brickquest-fantasy\/","name":"BrickQuest Fantasy Boardgame","description":"Ein Brettspiel welches auf LEGO\u00ae-Steine &amp; Klemmbausteine basiert.","publisher":{"@id":"https:\/\/www.brickquest.de\/brickquest-fantasy\/#organization"},"potentialAction":[{"@type":"SearchAction","target":{"@type":"EntryPoint","urlTemplate":"https:\/\/www.brickquest.de\/brickquest-fantasy\/?s={search_term_string}"},"query-input":{"@type":"PropertyValueSpecification","valueRequired":true,"valueName":"search_term_string"}}],"inLanguage":"de"},{"@type":"Organization","@id":"https:\/\/www.brickquest.de\/brickquest-fantasy\/#organization","name":"BrickQuest Fantasy Brettspiel aus LEGO und\/oder alternativen Klemmbausteinen","url":"https:\/\/www.brickquest.de\/brickquest-fantasy\/","logo":{"@type":"ImageObject","inLanguage":"de","@id":"https:\/\/www.brickquest.de\/brickquest-fantasy\/#\/schema\/logo\/image\/","url":"https:\/\/www.brickquest.de\/brickquest-fantasy\/wp-content\/uploads\/BrickQuest-Logo-klein.png","contentUrl":"https:\/\/www.brickquest.de\/brickquest-fantasy\/wp-content\/uploads\/BrickQuest-Logo-klein.png","width":493,"height":75,"caption":"BrickQuest Fantasy Brettspiel aus LEGO und\/oder alternativen Klemmbausteinen"},"image":{"@id":"https:\/\/www.brickquest.de\/brickquest-fantasy\/#\/schema\/logo\/image\/"},"sameAs":["https:\/\/www.facebook.com\/brickquest.boardgame\/","https:\/\/www.instagram.com\/brickania\/"]}]}},"_links":{"self":[{"href":"https:\/\/www.brickquest.de\/brickquest-fantasy\/wp-json\/wp\/v2\/pages\/227","targetHints":{"allow":["GET"]}}],"collection":[{"href":"https:\/\/www.brickquest.de\/brickquest-fantasy\/wp-json\/wp\/v2\/pages"}],"about":[{"href":"https:\/\/www.brickquest.de\/brickquest-fantasy\/wp-json\/wp\/v2\/types\/page"}],"author":[{"embeddable":true,"href":"https:\/\/www.brickquest.de\/brickquest-fantasy\/wp-json\/wp\/v2\/users\/1"}],"replies":[{"embeddable":true,"href":"https:\/\/www.brickquest.de\/brickquest-fantasy\/wp-json\/wp\/v2\/comments?post=227"}],"version-history":[{"count":16,"href":"https:\/\/www.brickquest.de\/brickquest-fantasy\/wp-json\/wp\/v2\/pages\/227\/revisions"}],"predecessor-version":[{"id":789,"href":"https:\/\/www.brickquest.de\/brickquest-fantasy\/wp-json\/wp\/v2\/pages\/227\/revisions\/789"}],"up":[{"embeddable":true,"href":"https:\/\/www.brickquest.de\/brickquest-fantasy\/wp-json\/wp\/v2\/pages\/230"}],"wp:attachment":[{"href":"https:\/\/www.brickquest.de\/brickquest-fantasy\/wp-json\/wp\/v2\/media?parent=227"}],"curies":[{"name":"wp","href":"https:\/\/api.w.org\/{rel}","templated":true}]}}