{"id":24,"date":"2018-07-30T22:00:37","date_gmt":"2018-07-30T20:00:37","guid":{"rendered":"https:\/\/www.brickquest.de\/brickquest-fantasy\/?page_id=24"},"modified":"2026-01-01T22:47:29","modified_gmt":"2026-01-01T21:47:29","slug":"brickwelt","status":"publish","type":"page","link":"https:\/\/www.brickquest.de\/brickquest-fantasy\/brickwelt\/","title":{"rendered":"Welt"},"content":{"rendered":"<div class=\"fusion-fullwidth fullwidth-box fusion-builder-row-1 fusion-flex-container has-pattern-background has-mask-background nonhundred-percent-fullwidth non-hundred-percent-height-scrolling\" style=\"--awb-border-radius-top-left:0px;--awb-border-radius-top-right:0px;--awb-border-radius-bottom-right:0px;--awb-border-radius-bottom-left:0px;--awb-flex-wrap:wrap;--awb-box-shadow: 0px 0px ;\" ><div class=\"fusion-builder-row fusion-row fusion-flex-align-items-flex-start fusion-flex-content-wrap\" style=\"max-width:1196px;margin-left: calc(-4% \/ 2 );margin-right: calc(-4% \/ 2 );\"><div class=\"fusion-layout-column fusion_builder_column fusion-builder-column-0 fusion_builder_column_3_4 3_4 fusion-flex-column\" style=\"--awb-bg-size:cover;--awb-width-large:75%;--awb-margin-top-large:0px;--awb-spacing-right-large:2.56%;--awb-margin-bottom-large:20px;--awb-spacing-left-large:2.56%;--awb-width-medium:100%;--awb-order-medium:0;--awb-spacing-right-medium:1.92%;--awb-spacing-left-medium:1.92%;--awb-width-small:100%;--awb-order-small:0;--awb-spacing-right-small:1.92%;--awb-spacing-left-small:1.92%;\"><div class=\"fusion-column-wrapper fusion-column-has-shadow fusion-flex-justify-content-flex-start fusion-content-layout-column\"><div class=\"fusion-image-element \" style=\"--awb-mask-url: url(https:\/\/www.brickquest.de\/brickquest-fantasy\/wp-content\/uploads\/brickquest_mask_1980x479.png);--awb-mask-size: 100%;--awb-caption-title-font-family:var(--h2_typography-font-family);--awb-caption-title-font-weight:var(--h2_typography-font-weight);--awb-caption-title-font-style:var(--h2_typography-font-style);--awb-caption-title-size:var(--h2_typography-font-size);--awb-caption-title-transform:var(--h2_typography-text-transform);--awb-caption-title-line-height:var(--h2_typography-line-height);--awb-caption-title-letter-spacing:var(--h2_typography-letter-spacing);\"><span class=\" fusion-imageframe imageframe-none imageframe-1 hover-type-none has-mask\"><img decoding=\"async\" width=\"1980\" height=\"479\" alt=\"Weltkarte von Brickania f\u00fcr BrickQuest\" title=\"Weltkarte von Brickania f\u00fcr BrickQuest\" src=\"https:\/\/www.brickquest.de\/brickquest-fantasy\/wp-content\/uploads\/Brickania-BrickQuest-Weltkarte-01.webp\" class=\"img-responsive wp-image-389\" srcset=\"https:\/\/www.brickquest.de\/brickquest-fantasy\/wp-content\/uploads\/Brickania-BrickQuest-Weltkarte-01-200x48.webp 200w, https:\/\/www.brickquest.de\/brickquest-fantasy\/wp-content\/uploads\/Brickania-BrickQuest-Weltkarte-01-400x97.webp 400w, https:\/\/www.brickquest.de\/brickquest-fantasy\/wp-content\/uploads\/Brickania-BrickQuest-Weltkarte-01-600x145.webp 600w, https:\/\/www.brickquest.de\/brickquest-fantasy\/wp-content\/uploads\/Brickania-BrickQuest-Weltkarte-01-800x194.webp 800w, https:\/\/www.brickquest.de\/brickquest-fantasy\/wp-content\/uploads\/Brickania-BrickQuest-Weltkarte-01-1200x290.webp 1200w, https:\/\/www.brickquest.de\/brickquest-fantasy\/wp-content\/uploads\/Brickania-BrickQuest-Weltkarte-01.webp 1980w\" sizes=\"(max-width: 1024px) 100vw, (max-width: 640px) 100vw, 1200px\" \/><\/span><\/div><\/div><\/div><\/div><\/div><div class=\"fusion-fullwidth fullwidth-box fusion-builder-row-2 fusion-flex-container has-pattern-background has-mask-background nonhundred-percent-fullwidth non-hundred-percent-height-scrolling\" style=\"--awb-border-radius-top-left:0px;--awb-border-radius-top-right:0px;--awb-border-radius-bottom-right:0px;--awb-border-radius-bottom-left:0px;--awb-flex-wrap:wrap;\" ><div class=\"fusion-builder-row fusion-row fusion-flex-align-items-flex-start fusion-flex-content-wrap\" style=\"max-width:1196px;margin-left: calc(-4% \/ 2 );margin-right: calc(-4% \/ 2 );\"><div class=\"fusion-layout-column fusion_builder_column fusion-builder-column-1 fusion_builder_column_3_4 3_4 fusion-flex-column\" style=\"--awb-padding-top:10px;--awb-padding-right:10px;--awb-padding-bottom:10px;--awb-padding-left:10px;--awb-bg-color:#fffffe;--awb-bg-color-hover:#fffffe;--awb-bg-size:cover;--awb-box-shadow: 2px 2px #bababa;;--awb-width-large:75%;--awb-margin-top-large:0px;--awb-spacing-right-large:2.56%;--awb-margin-bottom-large:20px;--awb-spacing-left-large:2.56%;--awb-width-medium:100%;--awb-order-medium:0;--awb-spacing-right-medium:1.92%;--awb-spacing-left-medium:1.92%;--awb-width-small:100%;--awb-order-small:0;--awb-spacing-right-small:1.92%;--awb-spacing-left-small:1.92%;\" data-scroll-devices=\"small-visibility,medium-visibility,large-visibility\"><div class=\"fusion-column-wrapper fusion-column-has-shadow fusion-flex-justify-content-flex-start fusion-content-layout-column\"><div class=\"fusion-title title fusion-title-1 fusion-sep-none fusion-title-text fusion-title-size-one\" style=\"--awb-margin-top-small:10px;--awb-margin-right-small:0px;--awb-margin-bottom-small:10px;--awb-margin-left-small:0px;\"><h1 class=\"fusion-title-heading title-heading-left\" style=\"margin:0;\">Die Welt <u>von <\/u>BrickQuest<\/h1><\/div><div class=\"fusion-text fusion-text-1\"><p data-start=\"305\" data-end=\"642\"><strong data-start=\"305\" data-end=\"377\"><a href=\"https:\/\/www.brickquest.de\">BrickQuest<\/a> spielt in der lebendigen, weitl\u00e4ufigen <a href=\"https:\/\/www.brickania.de\/lexikon\/ueber-die-welt-brickania\/\" target=\"_blank\" rel=\"noopener\">Welt<\/a> von <a href=\"https:\/\/www.brickania.de\" target=\"_blank\" rel=\"noopener\">Brickania<\/a><\/strong> \u2014 einem Kontinent voller Geschichten, Geheimnisse und Abenteuer, geschaffen aus Fantasie, Mut und unz\u00e4hligen Legosteinen. Von windgepeitschten K\u00fcsten \u00fcber verwunschene W\u00e4lder bis hin zu uralten Ruinen: <a href=\"https:\/\/www.brickania.de\" target=\"_blank\" rel=\"noopener\">Brickania<\/a> ist ein Land, das darauf wartet, erkundet zu werden.<\/p>\n<p data-start=\"644\" data-end=\"932\">Reisende, Helden und Abenteurer aus allen Ecken der Welt machen sich auf den Weg von Ort zu Ort, stellen sich Herausforderungen, treffen auf faszinierende Kulturen und decken uralte Legenden auf. Jeder Pfad, jede Stadt und jede Wildnis birgt seine eigenen Gefahren und seine eigene Magie.<\/p>\n<\/div><\/div><\/div><div class=\"fusion-layout-column fusion_builder_column fusion-builder-column-2 fusion_builder_column_1_4 1_4 fusion-flex-column\" style=\"--awb-padding-top:10px;--awb-padding-right:10px;--awb-padding-bottom:10px;--awb-bg-color:#fffffe;--awb-bg-color-hover:#fffffe;--awb-bg-size:cover;--awb-box-shadow: 2px 2px #bababa;;--awb-width-large:25%;--awb-margin-top-large:0px;--awb-spacing-right-large:7.68%;--awb-margin-bottom-large:20px;--awb-spacing-left-large:7.68%;--awb-width-medium:100%;--awb-order-medium:0;--awb-spacing-right-medium:1.92%;--awb-spacing-left-medium:1.92%;--awb-width-small:100%;--awb-order-small:0;--awb-spacing-right-small:1.92%;--awb-spacing-left-small:1.92%;\" data-scroll-devices=\"small-visibility,medium-visibility,large-visibility\"><div class=\"fusion-column-wrapper fusion-column-has-shadow fusion-flex-justify-content-flex-start fusion-content-layout-column\"><\/div><\/div><\/div><\/div><div class=\"fusion-fullwidth fullwidth-box fusion-builder-row-3 fusion-flex-container has-pattern-background has-mask-background nonhundred-percent-fullwidth non-hundred-percent-height-scrolling\" style=\"--awb-border-radius-top-left:0px;--awb-border-radius-top-right:0px;--awb-border-radius-bottom-right:0px;--awb-border-radius-bottom-left:0px;--awb-flex-wrap:wrap;\" ><div class=\"fusion-builder-row fusion-row fusion-flex-align-items-flex-start fusion-flex-content-wrap\" style=\"max-width:1196px;margin-left: calc(-4% \/ 2 );margin-right: calc(-4% \/ 2 );\"><div class=\"fusion-layout-column fusion_builder_column fusion-builder-column-3 fusion_builder_column_1_1 1_1 fusion-flex-column\" style=\"--awb-bg-size:cover;--awb-width-large:100%;--awb-margin-top-large:0px;--awb-spacing-right-large:1.92%;--awb-margin-bottom-large:20px;--awb-spacing-left-large:1.92%;--awb-width-medium:100%;--awb-order-medium:0;--awb-spacing-right-medium:1.92%;--awb-spacing-left-medium:1.92%;--awb-width-small:100%;--awb-order-small:0;--awb-spacing-right-small:1.92%;--awb-spacing-left-small:1.92%;\"><div class=\"fusion-column-wrapper fusion-column-has-shadow fusion-flex-justify-content-flex-start fusion-content-layout-column\"><div class=\"fusion-reading-box-container reading-box-container-1\" style=\"--awb-title-color:#5b1e1e;--awb-margin-top:0px;--awb-margin-bottom:84px;\"><div class=\"reading-box\" style=\"background-color:#f6f6f6;border-width:1px;border-color:#f6f6f6;border-left-width:3px;border-left-color:var(--primary_color);border-style:solid;\"><h2>Mehr \u00fcber Brickania<\/h2><div class=\"reading-box-description fusion-reading-box-additional\">Du willst mehr \u00fcber die Welt erfahren?<\/div><div class=\"reading-box-additional\">\n<p><strong data-start=\"936\" data-end=\"998\">Mehr \u00fcber Orte, V\u00f6lker, Geschichte und Mythen in Brickania<\/strong> findest du im <a href=\"https:\/\/www.brickania.de\/lexikon\/\" target=\"_blank\" rel=\"noopener\"><strong data-start=\"1013\" data-end=\"1038\">Lexikon von Brickania<\/strong><\/a>, unserem umfassenden Nachschlagewerk zu allen Facetten dieser Welt. Schau dort vorbei, um tiefer in die Welt einzutauchen und jede einzelne Region besser zu verstehen!<\/p>\n<\/div><div class=\"fusion-clearfix\"><\/div><\/div><\/div><\/div><\/div><\/div><\/div>\n","protected":false},"excerpt":{"rendered":"","protected":false},"author":1,"featured_media":0,"parent":0,"menu_order":3,"comment_status":"closed","ping_status":"closed","template":"","meta":{"footnotes":""},"class_list":["post-24","page","type-page","status-publish","hentry"],"yoast_head":"<!-- This site is optimized with the Yoast SEO plugin v27.5 - https:\/\/yoast.com\/product\/yoast-seo-wordpress\/ -->\n<title>Welt - BrickQuest Fantasy Boardgame<\/title>\n<meta name=\"robots\" content=\"index, follow, max-snippet:-1, max-image-preview:large, max-video-preview:-1\" \/>\n<link rel=\"canonical\" href=\"https:\/\/www.brickquest.de\/brickquest-fantasy\/brickwelt\/\" \/>\n<meta property=\"og:locale\" content=\"de_DE\" \/>\n<meta property=\"og:type\" content=\"article\" \/>\n<meta property=\"og:title\" content=\"Welt - BrickQuest Fantasy Boardgame\" \/>\n<meta property=\"og:url\" content=\"https:\/\/www.brickquest.de\/brickquest-fantasy\/brickwelt\/\" \/>\n<meta property=\"og:site_name\" content=\"BrickQuest Fantasy Boardgame\" \/>\n<meta property=\"article:publisher\" content=\"https:\/\/www.facebook.com\/brickquest.boardgame\/\" \/>\n<meta property=\"article:modified_time\" content=\"2026-01-01T21:47:29+00:00\" \/>\n<meta name=\"twitter:card\" content=\"summary_large_image\" \/>\n<meta name=\"twitter:label1\" content=\"Gesch\u00e4tzte Lesezeit\" \/>\n\t<meta name=\"twitter:data1\" content=\"1\u00a0Minute\" \/>\n<script type=\"application\/ld+json\" class=\"yoast-schema-graph\">{\"@context\":\"https:\\\/\\\/schema.org\",\"@graph\":[{\"@type\":\"WebPage\",\"@id\":\"https:\\\/\\\/www.brickquest.de\\\/brickquest-fantasy\\\/brickwelt\\\/\",\"url\":\"https:\\\/\\\/www.brickquest.de\\\/brickquest-fantasy\\\/brickwelt\\\/\",\"name\":\"Welt - BrickQuest Fantasy Boardgame\",\"isPartOf\":{\"@id\":\"https:\\\/\\\/www.brickquest.de\\\/brickquest-fantasy\\\/#website\"},\"datePublished\":\"2018-07-30T20:00:37+00:00\",\"dateModified\":\"2026-01-01T21:47:29+00:00\",\"breadcrumb\":{\"@id\":\"https:\\\/\\\/www.brickquest.de\\\/brickquest-fantasy\\\/brickwelt\\\/#breadcrumb\"},\"inLanguage\":\"de\",\"potentialAction\":[{\"@type\":\"ReadAction\",\"target\":[\"https:\\\/\\\/www.brickquest.de\\\/brickquest-fantasy\\\/brickwelt\\\/\"]}]},{\"@type\":\"BreadcrumbList\",\"@id\":\"https:\\\/\\\/www.brickquest.de\\\/brickquest-fantasy\\\/brickwelt\\\/#breadcrumb\",\"itemListElement\":[{\"@type\":\"ListItem\",\"position\":1,\"name\":\"Startseite\",\"item\":\"https:\\\/\\\/www.brickquest.de\\\/brickquest-fantasy\\\/\"},{\"@type\":\"ListItem\",\"position\":2,\"name\":\"Welt\"}]},{\"@type\":\"WebSite\",\"@id\":\"https:\\\/\\\/www.brickquest.de\\\/brickquest-fantasy\\\/#website\",\"url\":\"https:\\\/\\\/www.brickquest.de\\\/brickquest-fantasy\\\/\",\"name\":\"BrickQuest Fantasy Boardgame\",\"description\":\"Ein Brettspiel welches auf LEGO\u00ae-Steine &amp; Klemmbausteine basiert.\",\"publisher\":{\"@id\":\"https:\\\/\\\/www.brickquest.de\\\/brickquest-fantasy\\\/#organization\"},\"potentialAction\":[{\"@type\":\"SearchAction\",\"target\":{\"@type\":\"EntryPoint\",\"urlTemplate\":\"https:\\\/\\\/www.brickquest.de\\\/brickquest-fantasy\\\/?s={search_term_string}\"},\"query-input\":{\"@type\":\"PropertyValueSpecification\",\"valueRequired\":true,\"valueName\":\"search_term_string\"}}],\"inLanguage\":\"de\"},{\"@type\":\"Organization\",\"@id\":\"https:\\\/\\\/www.brickquest.de\\\/brickquest-fantasy\\\/#organization\",\"name\":\"BrickQuest Fantasy Brettspiel aus LEGO und\\\/oder alternativen Klemmbausteinen\",\"url\":\"https:\\\/\\\/www.brickquest.de\\\/brickquest-fantasy\\\/\",\"logo\":{\"@type\":\"ImageObject\",\"inLanguage\":\"de\",\"@id\":\"https:\\\/\\\/www.brickquest.de\\\/brickquest-fantasy\\\/#\\\/schema\\\/logo\\\/image\\\/\",\"url\":\"https:\\\/\\\/www.brickquest.de\\\/brickquest-fantasy\\\/wp-content\\\/uploads\\\/BrickQuest-Logo-klein.png\",\"contentUrl\":\"https:\\\/\\\/www.brickquest.de\\\/brickquest-fantasy\\\/wp-content\\\/uploads\\\/BrickQuest-Logo-klein.png\",\"width\":493,\"height\":75,\"caption\":\"BrickQuest Fantasy Brettspiel aus LEGO und\\\/oder alternativen Klemmbausteinen\"},\"image\":{\"@id\":\"https:\\\/\\\/www.brickquest.de\\\/brickquest-fantasy\\\/#\\\/schema\\\/logo\\\/image\\\/\"},\"sameAs\":[\"https:\\\/\\\/www.facebook.com\\\/brickquest.boardgame\\\/\",\"https:\\\/\\\/www.instagram.com\\\/brickania\\\/\"]}]}<\/script>\n<!-- \/ Yoast SEO plugin. -->","yoast_head_json":{"title":"Welt - BrickQuest Fantasy Boardgame","robots":{"index":"index","follow":"follow","max-snippet":"max-snippet:-1","max-image-preview":"max-image-preview:large","max-video-preview":"max-video-preview:-1"},"canonical":"https:\/\/www.brickquest.de\/brickquest-fantasy\/brickwelt\/","og_locale":"de_DE","og_type":"article","og_title":"Welt - BrickQuest Fantasy Boardgame","og_url":"https:\/\/www.brickquest.de\/brickquest-fantasy\/brickwelt\/","og_site_name":"BrickQuest Fantasy Boardgame","article_publisher":"https:\/\/www.facebook.com\/brickquest.boardgame\/","article_modified_time":"2026-01-01T21:47:29+00:00","twitter_card":"summary_large_image","twitter_misc":{"Gesch\u00e4tzte Lesezeit":"1\u00a0Minute"},"schema":{"@context":"https:\/\/schema.org","@graph":[{"@type":"WebPage","@id":"https:\/\/www.brickquest.de\/brickquest-fantasy\/brickwelt\/","url":"https:\/\/www.brickquest.de\/brickquest-fantasy\/brickwelt\/","name":"Welt - BrickQuest Fantasy Boardgame","isPartOf":{"@id":"https:\/\/www.brickquest.de\/brickquest-fantasy\/#website"},"datePublished":"2018-07-30T20:00:37+00:00","dateModified":"2026-01-01T21:47:29+00:00","breadcrumb":{"@id":"https:\/\/www.brickquest.de\/brickquest-fantasy\/brickwelt\/#breadcrumb"},"inLanguage":"de","potentialAction":[{"@type":"ReadAction","target":["https:\/\/www.brickquest.de\/brickquest-fantasy\/brickwelt\/"]}]},{"@type":"BreadcrumbList","@id":"https:\/\/www.brickquest.de\/brickquest-fantasy\/brickwelt\/#breadcrumb","itemListElement":[{"@type":"ListItem","position":1,"name":"Startseite","item":"https:\/\/www.brickquest.de\/brickquest-fantasy\/"},{"@type":"ListItem","position":2,"name":"Welt"}]},{"@type":"WebSite","@id":"https:\/\/www.brickquest.de\/brickquest-fantasy\/#website","url":"https:\/\/www.brickquest.de\/brickquest-fantasy\/","name":"BrickQuest Fantasy Boardgame","description":"Ein Brettspiel welches auf LEGO\u00ae-Steine &amp; Klemmbausteine basiert.","publisher":{"@id":"https:\/\/www.brickquest.de\/brickquest-fantasy\/#organization"},"potentialAction":[{"@type":"SearchAction","target":{"@type":"EntryPoint","urlTemplate":"https:\/\/www.brickquest.de\/brickquest-fantasy\/?s={search_term_string}"},"query-input":{"@type":"PropertyValueSpecification","valueRequired":true,"valueName":"search_term_string"}}],"inLanguage":"de"},{"@type":"Organization","@id":"https:\/\/www.brickquest.de\/brickquest-fantasy\/#organization","name":"BrickQuest Fantasy Brettspiel aus LEGO und\/oder alternativen Klemmbausteinen","url":"https:\/\/www.brickquest.de\/brickquest-fantasy\/","logo":{"@type":"ImageObject","inLanguage":"de","@id":"https:\/\/www.brickquest.de\/brickquest-fantasy\/#\/schema\/logo\/image\/","url":"https:\/\/www.brickquest.de\/brickquest-fantasy\/wp-content\/uploads\/BrickQuest-Logo-klein.png","contentUrl":"https:\/\/www.brickquest.de\/brickquest-fantasy\/wp-content\/uploads\/BrickQuest-Logo-klein.png","width":493,"height":75,"caption":"BrickQuest Fantasy Brettspiel aus LEGO und\/oder alternativen Klemmbausteinen"},"image":{"@id":"https:\/\/www.brickquest.de\/brickquest-fantasy\/#\/schema\/logo\/image\/"},"sameAs":["https:\/\/www.facebook.com\/brickquest.boardgame\/","https:\/\/www.instagram.com\/brickania\/"]}]}},"_links":{"self":[{"href":"https:\/\/www.brickquest.de\/brickquest-fantasy\/wp-json\/wp\/v2\/pages\/24","targetHints":{"allow":["GET"]}}],"collection":[{"href":"https:\/\/www.brickquest.de\/brickquest-fantasy\/wp-json\/wp\/v2\/pages"}],"about":[{"href":"https:\/\/www.brickquest.de\/brickquest-fantasy\/wp-json\/wp\/v2\/types\/page"}],"author":[{"embeddable":true,"href":"https:\/\/www.brickquest.de\/brickquest-fantasy\/wp-json\/wp\/v2\/users\/1"}],"replies":[{"embeddable":true,"href":"https:\/\/www.brickquest.de\/brickquest-fantasy\/wp-json\/wp\/v2\/comments?post=24"}],"version-history":[{"count":9,"href":"https:\/\/www.brickquest.de\/brickquest-fantasy\/wp-json\/wp\/v2\/pages\/24\/revisions"}],"predecessor-version":[{"id":1134,"href":"https:\/\/www.brickquest.de\/brickquest-fantasy\/wp-json\/wp\/v2\/pages\/24\/revisions\/1134"}],"wp:attachment":[{"href":"https:\/\/www.brickquest.de\/brickquest-fantasy\/wp-json\/wp\/v2\/media?parent=24"}],"curies":[{"name":"wp","href":"https:\/\/api.w.org\/{rel}","templated":true}]}}