{"id":249,"date":"2019-02-03T15:41:21","date_gmt":"2019-02-03T14:41:21","guid":{"rendered":"https:\/\/www.brickquest.de\/brickquest-fantasy\/?page_id=249"},"modified":"2025-02-09T21:28:38","modified_gmt":"2025-02-09T20:28:38","slug":"charaktereigenschaften","status":"publish","type":"page","link":"https:\/\/www.brickquest.de\/brickquest-fantasy\/brickquest\/spielregeln\/charaktereigenschaften\/","title":{"rendered":"Charaktereigenschaften"},"content":{"rendered":"<div class=\"fusion-fullwidth fullwidth-box fusion-builder-row-1 nonhundred-percent-fullwidth non-hundred-percent-height-scrolling\" style=\"--awb-border-radius-top-left:0px;--awb-border-radius-top-right:0px;--awb-border-radius-bottom-right:0px;--awb-border-radius-bottom-left:0px;--awb-flex-wrap:wrap;\" ><div class=\"fusion-builder-row fusion-row\"><div class=\"fusion-layout-column fusion_builder_column fusion-builder-column-0 fusion_builder_column_3_4 3_4 fusion-three-fourth fusion-column-first\" style=\"--awb-bg-size:cover;--awb-margin-bottom:0px;width:74%; margin-right: 4%;\"><div class=\"fusion-column-wrapper fusion-flex-column-wrapper-legacy\"><div class=\"fusion-text fusion-text-1\"><h2>Charaktereigenschaften bei BrickQuest<\/h2>\n<p>Jeder <strong>Charakter<\/strong> im Spiel (egal ob Spielercharakter, als auch Nichtspielercharakter) verf\u00fcgt \u00fcber diverse Eigenschaften. Diese Charaktereigenschaften sollen dem Charakter nicht nur rollenspieltechnisch eine gewisse Tiefe verleihen, sondern zeitgleich auch die entsprechenden Spielm\u00f6glichkeiten bei <a href=\"https:\/\/www.brickquest.de\/brickquest-fantasy\/\">BrickQuest<\/a> er\u00f6ffnen. Die Charaktereigenschaften werden wie folgt unterteilt:<\/p>\n<ul>\n<li><strong>Attribute<\/strong><\/li>\n<li><strong>Fertigkeiten<\/strong><\/li>\n<li><strong>besondere F\u00e4higkeiten<\/strong><\/li>\n<\/ul>\n<\/div><div class=\"fusion-sep-clear\"><\/div><div class=\"fusion-separator fusion-has-icon fusion-full-width-sep\" style=\"margin-left: auto;margin-right: auto;margin-top:25px;margin-bottom:25px;width:100%;\"><div class=\"fusion-separator-border sep-single sep-solid\" style=\"--awb-height:20px;--awb-amount:20px;--awb-sep-color:#211818;border-color:#211818;border-top-width:1px;\"><\/div><span class=\"icon-wrapper\" style=\"border-color:#211818;background-color:rgba(255,255,255,0);font-size:16px;width: 1.75em; height: 1.75em;border-width:1px;padding:1px;margin-top:-0.5px\"><i class=\"fa-angle-double-down fas\" style=\"font-size: inherit;color:#211818;\" aria-hidden=\"true\"><\/i><\/span><div class=\"fusion-separator-border sep-single sep-solid\" style=\"--awb-height:20px;--awb-amount:20px;--awb-sep-color:#211818;border-color:#211818;border-top-width:1px;\"><\/div><\/div><div class=\"fusion-sep-clear\"><\/div><div class=\"fusion-text fusion-text-2\"><h2>Attribute<\/h2>\n<p>Als Attribute werden bei <a href=\"https:\/\/www.brickquest.de\/brickquest-fantasy\/brickquest\/\"><strong>BrickQuest<\/strong><\/a> die essentiellen Eigenschaften der Charaktere bezeichnet. Attribute dienen meist dazu, die Hauptmerkmale der Charaktere in Zahlenwerten auszudr\u00fccken.<\/p>\n<p>Im Gegensatz zu Fertigkeiten gelten die Attribute meistens als angeborene Charaktereigenschaften und k\u00f6nnen nur in einem geringen Umfang bei einem Stufenaufstieg gesteigert werden. Es gibt allerdings magische Waffen oder Ausr\u00fcstung, welche im ausger\u00fcsteten Zustand die Attribute entsprechend erh\u00f6hen oder auch senken.<\/p>\n<p>Allein die Bewertung bzw. Auswahl der Attribute f\u00fcr einen Charakter zeigt schon dessen Auspr\u00e4gung oder Spezialisierung. So kann man rollenspieltechnisch gleich erkennen ob der Charakter geschickt, kr\u00e4ftig, schlau oder widerstandsf\u00e4hig ist.<\/p>\n<\/div><div class=\"fusion-text fusion-text-3\"><p><span style=\"color: #ff0000;\"><strong>Vitalit\u00e4t<\/strong> <\/span>(Lebenskraft-Punkte)<\/p>\n<p><span style=\"color: #000000;\"><strong>K\u00f6rperkraft<\/strong> <\/span>(Wut-Punkte)<\/p>\n<p><span style=\"color: #008000;\"><strong>Widerstand<\/strong><\/span> (Unempfindlichkeits-Punkte)<\/p>\n<p><span style=\"color: #ffff00;\"><strong>Geschicklichkeit<\/strong> <\/span>(Konzentrations-Punkte)<\/p>\n<p><strong>Beweglichkeit<\/strong> (Ausdauer-Punkte)<\/p>\n<p><span style=\"color: #0000ff;\"><strong>Intelligenz<\/strong> <\/span>(Mana-Punkte)<\/p>\n<p><span style=\"color: #99cc00;\"><strong>Gl\u00fcck<\/strong><\/span> (Schicksals-Punkte)<\/p>\n<\/div><div class=\"fusion-sep-clear\"><\/div><div class=\"fusion-separator fusion-has-icon fusion-full-width-sep\" style=\"margin-left: auto;margin-right: auto;margin-top:25px;margin-bottom:25px;width:100%;\"><div class=\"fusion-separator-border sep-single sep-solid\" style=\"--awb-height:20px;--awb-amount:20px;--awb-sep-color:#211818;border-color:#211818;border-top-width:1px;\"><\/div><span class=\"icon-wrapper\" style=\"border-color:#211818;background-color:rgba(255,255,255,0);font-size:16px;width: 1.75em; height: 1.75em;border-width:1px;padding:1px;margin-top:-0.5px\"><i class=\"fa-angle-double-down fas\" style=\"font-size: inherit;color:#211818;\" aria-hidden=\"true\"><\/i><\/span><div class=\"fusion-separator-border sep-single sep-solid\" style=\"--awb-height:20px;--awb-amount:20px;--awb-sep-color:#211818;border-color:#211818;border-top-width:1px;\"><\/div><\/div><div class=\"fusion-sep-clear\"><\/div><div class=\"fusion-clearfix\"><\/div><\/div><\/div><div class=\"fusion-layout-column fusion_builder_column fusion-builder-column-1 fusion_builder_column_1_4 1_4 fusion-one-fourth fusion-column-last\" style=\"--awb-padding-top:10px;--awb-padding-right:10px;--awb-padding-bottom:10px;--awb-bg-color:#fffffe;--awb-bg-color-hover:#fffffe;--awb-bg-size:cover;--awb-box-shadow: 2px 2px #bababa;;width:22%;\" data-scroll-devices=\"small-visibility,medium-visibility,large-visibility\"><div class=\"fusion-column-wrapper fusion-column-has-shadow fusion-flex-column-wrapper-legacy\"><div class=\"fusion-text fusion-text-4\"><div class=\"fusion-text fusion-text-2\">\n<ul class=\"su-subpages\">\n<li class=\"page_item page-item-574\"><a href=\"https:\/\/www.brickquest.de\/brickquest-fantasy\/brickquest\/spielregeln\/spielbeginn\/\">Spielbeginn<\/a><\/li>\n<li class=\"page_item page-item-576\"><a href=\"https:\/\/www.brickquest.de\/brickquest-fantasy\/brickquest\/spielregeln\/spielrunde-spielablauf\/\">Spielrunde \/ Spielablauf<\/a><\/li>\n<li class=\"page_item page-item-578\"><a href=\"https:\/\/www.brickquest.de\/brickquest-fantasy\/brickquest\/spielregeln\/charakterklassen\/\">Charakterklassen<\/a><\/li>\n<li class=\"page_item page-item-249\"><a href=\"https:\/\/www.brickquest.de\/brickquest-fantasy\/brickquest\/spielregeln\/charaktereigenschaften\/\">Charaktereigenschaften<\/a><\/li>\n<li class=\"page_item page-item-401\"><a href=\"https:\/\/www.brickquest.de\/brickquest-fantasy\/brickquest\/spielregeln\/fertigkeiten\/\">Fertigkeiten<\/a><\/li>\n<li class=\"page_item page-item-580\"><a href=\"https:\/\/www.brickquest.de\/brickquest-fantasy\/brickquest\/spielregeln\/besondere-faehigkeiten\/\">Besondere F\u00e4higkeiten<\/a><\/li>\n<li class=\"page_item page-item-582\"><a href=\"https:\/\/www.brickquest.de\/brickquest-fantasy\/brickquest\/spielregeln\/magie-zaubersprueche\/\">Magie &amp; Zauberspr\u00fcche<\/a><\/li>\n<li class=\"page_item page-item-584\"><a href=\"https:\/\/www.brickquest.de\/brickquest-fantasy\/brickquest\/spielregeln\/charakterbogen\/\">Charakterbogen<\/a><\/li>\n<li class=\"page_item page-item-586\"><a href=\"https:\/\/www.brickquest.de\/brickquest-fantasy\/brickquest\/spielregeln\/schaetze-und-gegenstaende\/\">Sch\u00e4tze und Gegenst\u00e4nde<\/a><\/li>\n<li class=\"page_item page-item-588\"><a href=\"https:\/\/www.brickquest.de\/brickquest-fantasy\/brickquest\/spielregeln\/dungeon-und-spielaufbau\/\">Dungeon und Spielaufbau<\/a><\/li>\n<li class=\"page_item page-item-591\"><a href=\"https:\/\/www.brickquest.de\/brickquest-fantasy\/brickquest\/spielregeln\/monster-kreaturenhandbuch\/\">Monster- &amp; Kreaturenhandbuch<\/a><\/li>\n<\/ul>\n<\/div>\n<\/div><div class=\"fusion-image-element fusion-image-align-center in-legacy-container\" style=\"text-align:center;--awb-caption-title-font-family:var(--h2_typography-font-family);--awb-caption-title-font-weight:var(--h2_typography-font-weight);--awb-caption-title-font-style:var(--h2_typography-font-style);--awb-caption-title-size:var(--h2_typography-font-size);--awb-caption-title-transform:var(--h2_typography-text-transform);--awb-caption-title-line-height:var(--h2_typography-line-height);--awb-caption-title-letter-spacing:var(--h2_typography-letter-spacing);\"><div class=\"imageframe-align-center\"><span class=\" fusion-imageframe imageframe-none imageframe-1 hover-type-none\"><img decoding=\"async\" width=\"800\" height=\"800\" alt=\"BrickQuest Spielregeln \u00dcbersicht in deutsch\" title=\"BrickQuest Spielregeln \u00dcbersicht in deutsch\" src=\"https:\/\/www.brickquest.de\/brickquest-fantasy\/wp-content\/uploads\/brickquest-spielregeln-uebersicht-deutsch.webp\" class=\"img-responsive wp-image-569\" srcset=\"https:\/\/www.brickquest.de\/brickquest-fantasy\/wp-content\/uploads\/brickquest-spielregeln-uebersicht-deutsch-200x200.webp 200w, https:\/\/www.brickquest.de\/brickquest-fantasy\/wp-content\/uploads\/brickquest-spielregeln-uebersicht-deutsch-400x400.webp 400w, https:\/\/www.brickquest.de\/brickquest-fantasy\/wp-content\/uploads\/brickquest-spielregeln-uebersicht-deutsch-600x600.webp 600w, https:\/\/www.brickquest.de\/brickquest-fantasy\/wp-content\/uploads\/brickquest-spielregeln-uebersicht-deutsch.webp 800w\" sizes=\"(max-width: 800px) 100vw, 400px\" \/><\/span><\/div><\/div><div class=\"fusion-search-element fusion-search-element-1 fusion-search-form-classic\">\t\t<form role=\"search\" class=\"searchform fusion-search-form  fusion-live-search fusion-search-form-classic\" method=\"get\" action=\"https:\/\/www.brickquest.de\/brickquest-fantasy\/\">\n\t\t\t<div class=\"fusion-search-form-content\">\n\n\t\t\t\t\n\t\t\t\t<div class=\"fusion-search-field search-field\">\n\t\t\t\t\t<label><span class=\"screen-reader-text\">Suche nach:<\/span>\n\t\t\t\t\t\t\t\t\t\t\t\t\t<input type=\"search\" class=\"s fusion-live-search-input\" name=\"s\" id=\"fusion-live-search-input-0\" autocomplete=\"off\" placeholder=\"Suche starten\" required aria-required=\"true\" aria-label=\"Suche starten\"\/>\n\t\t\t\t\t\t\t\t\t\t\t<\/label>\n\t\t\t\t<\/div>\n\t\t\t\t<div class=\"fusion-search-button search-button\">\n\t\t\t\t\t<input type=\"submit\" class=\"fusion-search-submit searchsubmit\" aria-label=\"Suche\" value=\"&#xf002;\" \/>\n\t\t\t\t\t\t\t\t\t\t<div class=\"fusion-slider-loading\"><\/div>\n\t\t\t\t\t\t\t\t\t<\/div>\n\n\t\t\t\t<input type=\"hidden\" name=\"post_type[]\" value=\"page\" \/><input type=\"hidden\" name=\"search_limit_to_post_titles\" value=\"0\" \/><input type=\"hidden\" name=\"add_woo_product_skus\" value=\"0\" \/><input type=\"hidden\" name=\"live_min_character\" value=\"4\" \/><input type=\"hidden\" name=\"live_posts_per_page\" value=\"100\" \/><input type=\"hidden\" name=\"live_search_display_featured_image\" value=\"0\" \/><input type=\"hidden\" name=\"live_search_display_post_type\" value=\"1\" \/><input type=\"hidden\" name=\"fs\" value=\"1\" \/>\n\t\t\t<\/div>\n\n\n\t\t\t\t\t\t\t<div class=\"fusion-search-results-wrapper\"><div class=\"fusion-search-results\"><\/div><\/div>\n\t\t\t\n\t\t<\/form>\n\t\t<\/div><div class=\"fusion-clearfix\"><\/div><\/div><\/div><\/div><\/div>\n","protected":false},"excerpt":{"rendered":"","protected":false},"author":1,"featured_media":0,"parent":227,"menu_order":4,"comment_status":"closed","ping_status":"closed","template":"","meta":{"footnotes":""},"class_list":["post-249","page","type-page","status-publish","hentry"],"yoast_head":"<!-- This site is optimized with the Yoast SEO plugin v27.5 - https:\/\/yoast.com\/product\/yoast-seo-wordpress\/ -->\n<title>Charaktereigenschaften - BrickQuest Fantasy Boardgame<\/title>\n<meta name=\"robots\" content=\"index, follow, max-snippet:-1, max-image-preview:large, max-video-preview:-1\" \/>\n<link rel=\"canonical\" href=\"https:\/\/www.brickquest.de\/brickquest-fantasy\/brickquest\/spielregeln\/charaktereigenschaften\/\" \/>\n<meta property=\"og:locale\" content=\"de_DE\" \/>\n<meta property=\"og:type\" content=\"article\" \/>\n<meta property=\"og:title\" content=\"Charaktereigenschaften - BrickQuest Fantasy Boardgame\" \/>\n<meta property=\"og:url\" content=\"https:\/\/www.brickquest.de\/brickquest-fantasy\/brickquest\/spielregeln\/charaktereigenschaften\/\" \/>\n<meta property=\"og:site_name\" content=\"BrickQuest Fantasy Boardgame\" \/>\n<meta property=\"article:publisher\" content=\"https:\/\/www.facebook.com\/brickquest.boardgame\/\" \/>\n<meta property=\"article:modified_time\" content=\"2025-02-09T20:28:38+00:00\" \/>\n<meta name=\"twitter:card\" content=\"summary_large_image\" \/>\n<meta name=\"twitter:label1\" content=\"Gesch\u00e4tzte Lesezeit\" \/>\n\t<meta name=\"twitter:data1\" content=\"2\u00a0Minuten\" \/>\n<script type=\"application\/ld+json\" class=\"yoast-schema-graph\">{\"@context\":\"https:\\\/\\\/schema.org\",\"@graph\":[{\"@type\":\"WebPage\",\"@id\":\"https:\\\/\\\/www.brickquest.de\\\/brickquest-fantasy\\\/brickquest\\\/spielregeln\\\/charaktereigenschaften\\\/\",\"url\":\"https:\\\/\\\/www.brickquest.de\\\/brickquest-fantasy\\\/brickquest\\\/spielregeln\\\/charaktereigenschaften\\\/\",\"name\":\"Charaktereigenschaften - BrickQuest Fantasy Boardgame\",\"isPartOf\":{\"@id\":\"https:\\\/\\\/www.brickquest.de\\\/brickquest-fantasy\\\/#website\"},\"datePublished\":\"2019-02-03T14:41:21+00:00\",\"dateModified\":\"2025-02-09T20:28:38+00:00\",\"breadcrumb\":{\"@id\":\"https:\\\/\\\/www.brickquest.de\\\/brickquest-fantasy\\\/brickquest\\\/spielregeln\\\/charaktereigenschaften\\\/#breadcrumb\"},\"inLanguage\":\"de\",\"potentialAction\":[{\"@type\":\"ReadAction\",\"target\":[\"https:\\\/\\\/www.brickquest.de\\\/brickquest-fantasy\\\/brickquest\\\/spielregeln\\\/charaktereigenschaften\\\/\"]}]},{\"@type\":\"BreadcrumbList\",\"@id\":\"https:\\\/\\\/www.brickquest.de\\\/brickquest-fantasy\\\/brickquest\\\/spielregeln\\\/charaktereigenschaften\\\/#breadcrumb\",\"itemListElement\":[{\"@type\":\"ListItem\",\"position\":1,\"name\":\"Startseite\",\"item\":\"https:\\\/\\\/www.brickquest.de\\\/brickquest-fantasy\\\/\"},{\"@type\":\"ListItem\",\"position\":2,\"name\":\"BrickQuest\",\"item\":\"https:\\\/\\\/www.brickquest.de\\\/brickquest-fantasy\\\/brickquest\\\/\"},{\"@type\":\"ListItem\",\"position\":3,\"name\":\"Spielregeln\",\"item\":\"https:\\\/\\\/www.brickquest.de\\\/brickquest-fantasy\\\/brickquest\\\/spielregeln\\\/\"},{\"@type\":\"ListItem\",\"position\":4,\"name\":\"Charaktereigenschaften\"}]},{\"@type\":\"WebSite\",\"@id\":\"https:\\\/\\\/www.brickquest.de\\\/brickquest-fantasy\\\/#website\",\"url\":\"https:\\\/\\\/www.brickquest.de\\\/brickquest-fantasy\\\/\",\"name\":\"BrickQuest Fantasy Boardgame\",\"description\":\"Ein Brettspiel welches auf LEGO\u00ae-Steine &amp; Klemmbausteine basiert.\",\"publisher\":{\"@id\":\"https:\\\/\\\/www.brickquest.de\\\/brickquest-fantasy\\\/#organization\"},\"potentialAction\":[{\"@type\":\"SearchAction\",\"target\":{\"@type\":\"EntryPoint\",\"urlTemplate\":\"https:\\\/\\\/www.brickquest.de\\\/brickquest-fantasy\\\/?s={search_term_string}\"},\"query-input\":{\"@type\":\"PropertyValueSpecification\",\"valueRequired\":true,\"valueName\":\"search_term_string\"}}],\"inLanguage\":\"de\"},{\"@type\":\"Organization\",\"@id\":\"https:\\\/\\\/www.brickquest.de\\\/brickquest-fantasy\\\/#organization\",\"name\":\"BrickQuest Fantasy Brettspiel aus LEGO und\\\/oder alternativen Klemmbausteinen\",\"url\":\"https:\\\/\\\/www.brickquest.de\\\/brickquest-fantasy\\\/\",\"logo\":{\"@type\":\"ImageObject\",\"inLanguage\":\"de\",\"@id\":\"https:\\\/\\\/www.brickquest.de\\\/brickquest-fantasy\\\/#\\\/schema\\\/logo\\\/image\\\/\",\"url\":\"https:\\\/\\\/www.brickquest.de\\\/brickquest-fantasy\\\/wp-content\\\/uploads\\\/BrickQuest-Logo-klein.png\",\"contentUrl\":\"https:\\\/\\\/www.brickquest.de\\\/brickquest-fantasy\\\/wp-content\\\/uploads\\\/BrickQuest-Logo-klein.png\",\"width\":493,\"height\":75,\"caption\":\"BrickQuest Fantasy Brettspiel aus LEGO und\\\/oder alternativen Klemmbausteinen\"},\"image\":{\"@id\":\"https:\\\/\\\/www.brickquest.de\\\/brickquest-fantasy\\\/#\\\/schema\\\/logo\\\/image\\\/\"},\"sameAs\":[\"https:\\\/\\\/www.facebook.com\\\/brickquest.boardgame\\\/\",\"https:\\\/\\\/www.instagram.com\\\/brickania\\\/\"]}]}<\/script>\n<!-- \/ Yoast SEO plugin. -->","yoast_head_json":{"title":"Charaktereigenschaften - BrickQuest Fantasy Boardgame","robots":{"index":"index","follow":"follow","max-snippet":"max-snippet:-1","max-image-preview":"max-image-preview:large","max-video-preview":"max-video-preview:-1"},"canonical":"https:\/\/www.brickquest.de\/brickquest-fantasy\/brickquest\/spielregeln\/charaktereigenschaften\/","og_locale":"de_DE","og_type":"article","og_title":"Charaktereigenschaften - BrickQuest Fantasy Boardgame","og_url":"https:\/\/www.brickquest.de\/brickquest-fantasy\/brickquest\/spielregeln\/charaktereigenschaften\/","og_site_name":"BrickQuest Fantasy Boardgame","article_publisher":"https:\/\/www.facebook.com\/brickquest.boardgame\/","article_modified_time":"2025-02-09T20:28:38+00:00","twitter_card":"summary_large_image","twitter_misc":{"Gesch\u00e4tzte Lesezeit":"2\u00a0Minuten"},"schema":{"@context":"https:\/\/schema.org","@graph":[{"@type":"WebPage","@id":"https:\/\/www.brickquest.de\/brickquest-fantasy\/brickquest\/spielregeln\/charaktereigenschaften\/","url":"https:\/\/www.brickquest.de\/brickquest-fantasy\/brickquest\/spielregeln\/charaktereigenschaften\/","name":"Charaktereigenschaften - BrickQuest Fantasy Boardgame","isPartOf":{"@id":"https:\/\/www.brickquest.de\/brickquest-fantasy\/#website"},"datePublished":"2019-02-03T14:41:21+00:00","dateModified":"2025-02-09T20:28:38+00:00","breadcrumb":{"@id":"https:\/\/www.brickquest.de\/brickquest-fantasy\/brickquest\/spielregeln\/charaktereigenschaften\/#breadcrumb"},"inLanguage":"de","potentialAction":[{"@type":"ReadAction","target":["https:\/\/www.brickquest.de\/brickquest-fantasy\/brickquest\/spielregeln\/charaktereigenschaften\/"]}]},{"@type":"BreadcrumbList","@id":"https:\/\/www.brickquest.de\/brickquest-fantasy\/brickquest\/spielregeln\/charaktereigenschaften\/#breadcrumb","itemListElement":[{"@type":"ListItem","position":1,"name":"Startseite","item":"https:\/\/www.brickquest.de\/brickquest-fantasy\/"},{"@type":"ListItem","position":2,"name":"BrickQuest","item":"https:\/\/www.brickquest.de\/brickquest-fantasy\/brickquest\/"},{"@type":"ListItem","position":3,"name":"Spielregeln","item":"https:\/\/www.brickquest.de\/brickquest-fantasy\/brickquest\/spielregeln\/"},{"@type":"ListItem","position":4,"name":"Charaktereigenschaften"}]},{"@type":"WebSite","@id":"https:\/\/www.brickquest.de\/brickquest-fantasy\/#website","url":"https:\/\/www.brickquest.de\/brickquest-fantasy\/","name":"BrickQuest Fantasy Boardgame","description":"Ein Brettspiel welches auf LEGO\u00ae-Steine &amp; Klemmbausteine basiert.","publisher":{"@id":"https:\/\/www.brickquest.de\/brickquest-fantasy\/#organization"},"potentialAction":[{"@type":"SearchAction","target":{"@type":"EntryPoint","urlTemplate":"https:\/\/www.brickquest.de\/brickquest-fantasy\/?s={search_term_string}"},"query-input":{"@type":"PropertyValueSpecification","valueRequired":true,"valueName":"search_term_string"}}],"inLanguage":"de"},{"@type":"Organization","@id":"https:\/\/www.brickquest.de\/brickquest-fantasy\/#organization","name":"BrickQuest Fantasy Brettspiel aus LEGO und\/oder alternativen Klemmbausteinen","url":"https:\/\/www.brickquest.de\/brickquest-fantasy\/","logo":{"@type":"ImageObject","inLanguage":"de","@id":"https:\/\/www.brickquest.de\/brickquest-fantasy\/#\/schema\/logo\/image\/","url":"https:\/\/www.brickquest.de\/brickquest-fantasy\/wp-content\/uploads\/BrickQuest-Logo-klein.png","contentUrl":"https:\/\/www.brickquest.de\/brickquest-fantasy\/wp-content\/uploads\/BrickQuest-Logo-klein.png","width":493,"height":75,"caption":"BrickQuest Fantasy Brettspiel aus LEGO und\/oder alternativen Klemmbausteinen"},"image":{"@id":"https:\/\/www.brickquest.de\/brickquest-fantasy\/#\/schema\/logo\/image\/"},"sameAs":["https:\/\/www.facebook.com\/brickquest.boardgame\/","https:\/\/www.instagram.com\/brickania\/"]}]}},"_links":{"self":[{"href":"https:\/\/www.brickquest.de\/brickquest-fantasy\/wp-json\/wp\/v2\/pages\/249","targetHints":{"allow":["GET"]}}],"collection":[{"href":"https:\/\/www.brickquest.de\/brickquest-fantasy\/wp-json\/wp\/v2\/pages"}],"about":[{"href":"https:\/\/www.brickquest.de\/brickquest-fantasy\/wp-json\/wp\/v2\/types\/page"}],"author":[{"embeddable":true,"href":"https:\/\/www.brickquest.de\/brickquest-fantasy\/wp-json\/wp\/v2\/users\/1"}],"replies":[{"embeddable":true,"href":"https:\/\/www.brickquest.de\/brickquest-fantasy\/wp-json\/wp\/v2\/comments?post=249"}],"version-history":[{"count":13,"href":"https:\/\/www.brickquest.de\/brickquest-fantasy\/wp-json\/wp\/v2\/pages\/249\/revisions"}],"predecessor-version":[{"id":594,"href":"https:\/\/www.brickquest.de\/brickquest-fantasy\/wp-json\/wp\/v2\/pages\/249\/revisions\/594"}],"up":[{"embeddable":true,"href":"https:\/\/www.brickquest.de\/brickquest-fantasy\/wp-json\/wp\/v2\/pages\/227"}],"wp:attachment":[{"href":"https:\/\/www.brickquest.de\/brickquest-fantasy\/wp-json\/wp\/v2\/media?parent=249"}],"curies":[{"name":"wp","href":"https:\/\/api.w.org\/{rel}","templated":true}]}}